 24. Calculate d(18).
-6
Let v(s) = s + 8. Give v(-11).
-3
Let w(j) = j**2 - 16*j + 22. What is w(15)?
7
Let b(o) = o**3 + 8*o**2 + 17*o + 17. Determine b(-4).
13
Let q(y) = 6*y - 3. What is q(5)?
27
Let y(d) = d**2 - 22*d + 9. Determine y(22).
9
Let w(z) = 2*z + 2. What is w(-3)?
-4
Let z(t) = -t**3 + 9*t**2 + 9*t - 4. Determine z(10).
-14
Let n(k) = k + 4. What is n(-3)?
1
Let u(h) = h**3 + 3*h**2 - 4*h - 8. Calculate u(-4).
-8
Let n(j) = j**3 + 12*j**2 - 11*j + 19. What is n(-13)?
-7
Let p(k) = 10*k**2 + 2*k - 3. Calculate p(1).
9
Let c(z) = 6*z + 50. What is c(-11)?
-16
Let f(z) = z**3 - 4*z**2 - 12*z + 29. Give f(5).
-6
Let s(m) = -m**3 + 5*m**2 - 7*m + 11. What is s(4)?
-1
Let j(x) = 2*x**2 - 7*x + 9. Give j(0).
9
Let k(i) = -i**2 + 4*i + 1. Determine k(6).
-11
Let w(c) = -11*c + 75. Determine w(7).
-2
Let x(u) = u**3 + u**2 - 2. Calculate x(0).
-2
Let j(p) = -p**3 + 53*p**2 - 197*p + 58. What is j(49)?
9
Let m(l) = -16*l**2 + 2*l + 1. Calculate m(-1).
-17
Let o(g) = 2*g**2 + 4*g - 16. Determine o(-7).
54
Let f(b) = -39*b**3 + b**2 + b + 1. Calculate f(-1).
40
Let c(u) = u**3 - 8*u**2 + 10*u - 8. Calculate c(7).
13
Let i(a) = -a**3 + 11*a**2 - a + 13. What is i(11)?
2
Let k(w) = -4*w + 12. Determine k(5).
-8
Let b(z) = z**3 + z**2 - 7. Determine b(0).
-7
Let g(j) = 15*j - 6. What is g(5)?
69
Let a(y) = y**3 + 11*y**2 - 5*y + 15. Determine a(-9).
222
Let u(b) = 13*b**2 + b - 10. Determine u(-2).
40
Let p(s) = s**2 + 12*s + 26. Calculate p(-10).
6
Let k(p) = 3*p + 14. Give k(9).
41
Let t(k) = k**3 + 7*k**2 + 3*k + 10. Give t(-7).
-11
Let q(o) = o**3 - 32*o**2 - o + 33. Calculate q(32).
1
Let i(r) = -r**2 + 17*r - 64. What is i(7)?
6
Let a(g) = g**2 + g. Determine a(-1).
0
Let y(u) = u**3 + 3*u**2 + 2*u - 2. Calculate y(-3).
-8
Let y(f) = -f**2 + 12*f + 19. Determine y(13).
6
Let d(j) = -j**2 + 9*j. Determine d(7).
14
Let w(m) = -m**3 - 8*m**2 - 20*m - 15. What is w(-6)?
33
Let h(w) = w**3 + 4*w**2 - 11*w + 8. Calculate h(-6).
2
Let d(w) = 9*w - 167. Calculate d(18).
-5
Let o(t) = t**3 - 5*t**2 - 2*t + 4. What is o(5)?
-6
Let v(j) = j - 1. Determine v(-6).
-7
Let r(k) = -k**2 - 3*k - 5. Give r(-3).
-5
Let b(h) = -24*h**2 - 3*h - 2. What is b(-2)?
-92
Let z(f) = -3*f - 5. Calculate z(-2).
1
Let d(o) = -o**3 - 20*o**2 + 45*o + 64. Give d(-22).
42
Let b(c) = -2*c**2 + 32*c - 21. Give b(14).
35
Let n(v) = v**3 - 19*v**2 - 4*v + 16. What is n(19)?
-60
Let q(c) = -4*c**3 + 312*c**2 + c - 87. Give q(78).
-9
Let j(g) = -g**3 + 2*g**2 + 9. Calculate j(3).
0
Let m(s) = -s**2 + s - 1. What is m(3)?
-7
Let y(f) = -36*f - 2018. Calculate y(-56).
-2
Let w(y) = -2*y - 4. What is w(3)?
-10
Let m(s) = s**2 - s - 7. What is m(-6)?
35
Let z(l) = l**2 - 7*l + 12. Determine z(6).
6
Let s(c) = 2*c**2 - 4*c + 6. Give s(2).
6
Let n(j) = j + 21. Give n(-4).
17
Let i(t) = t**3 - 4*t**2 - 5*t + 4. Determine i(5).
4
Let r(b) = 8*b + 281. Determine r(-40).
-39
Let k(r) = -4*r + 30. What is k(1)?
26
Let w(v) = 4*v**2 - 65*v + 16. Determine w(16).
0
Let p(z) = 2*z**3 + 12*z**2 + 5*z - 6. Give p(-5).
19
Let h(z) = -z**3 - 4*z**2 - 5*z - 4. Determine h(-4).
16
Let t(o) = o**3 + 9*o**2 + 20*o + 5. What is t(-6)?
-7
Let g(a) = -2*a**2 + 51*a - 60. Determine g(24).
12
Let o(w) = w + 5. Give o(-10).
-5
Let o(m) = m**2 + 3*m - 4. Determine o(5).
36
Let z(s) = s**3 + 3*s**2 - 9*s - 21. Determine z(-3).
6
Let x(k) = -k - 16. Give x(-7).
-9
Let y(x) = -x**2 + 26*x - 3. Determine y(26).
-3
Let d(z) = -z**3 - 2*z**2 + z + 18. Determine d(0).
18
Let j(d) = -d - 5. Calculate j(-7).
2
Let y(n) = 6*n - 6. Give y(-4).
-30
Let a(o) = -7*o**2 + 5*o + 18. Determine a(-3).
-60
Let a(w) = 11*w + 12. Give a(8).
100
Let l(n) = -n**2 - n - 1. Give l(-1).
-1
Let w(x) = x**3 + 14*x**2 + 24*x. Determine w(-12).
0
Let m(q) = -6*q**2 - 2*q + 7. What is m(2)?
-21
Let o(z) = -2*z**2 + 18*z + 5. Calculate o(4).
45
Let q(y) = y**3 + 7*y**2 - 13*y - 3. Calculate q(-9).
-48
Let r(o) = -o - 20. What is r(-14)?
-6
Let b(i) = -i**2 + 16*i + 152. What is b(23)?
-9
Let x(o) = -o**3 + 4*o**2 + o + 3. Give x(4).
7
Let f(k) = k**3 - 3*k**2 - 25*k - 8. Determine f(7).
13
Let o(n) = -6*n**2 - 42*n + 11. Calculate o(-7).
11
Let g(r) = -10*r - 57. What is g(-6)?
3
Let l(i) = -i**2 + 5*i - 1. Give l(7).
-15
Let u(t) = t**3 - 16*t**2 + 4*t - 12. Give u(16).
52
Let j(f) = f**2 + 7*f - 20. Give j(-11).
24
Let g(f) = -4*f**2 + 4*f - 17. Calculate g(4).
-65
Let m(l) = l**2 + 10*l + 11. What is m(-4)?
-13
Let h(d) = d**2 + 7*d + 13. What is h(-6)?
7
Let a(p) = p**3 + 9*p**2 + 10*p + 8. Determine a(-6).
56
Let w(v) = -3*v - 47. What is w(-16)?
1
Let r(k) = 21*k - 12. Determine r(1).
9
Let w(y) = -20*y**3 + y**2 - 5*y + 3. What is w(1)?
-21
Let l(x) = 4*x - 30. What is l(9)?
6
Let c(n) = n**3 - 4*n**2 + n - 5. Determine c(3).
-11
Let l(z) = 2*z**2 + z - 83. Calculate l(0).
-83
Let b(u) = -u**3 + u**2 + 2*u + 5. What is b(0)?
5
Let x(z) = -z**3 + 4*z**2 - 13*z + 32. What is x(3)?
2
Let t(a) = -31*a**2 - a - 1. What is t(-1)?
-31
Let l(i) = -i**3 + i**2 + 7*i + 4. Calculate l(-1).
-1
Let t(p) = p + 9. What is t(-18)?
-9
Let b(z) = 9*z - 27. Give b(-6).
-81
Let p(y) = -68*y + 266. Give p(4).
-6
Let t(u) = -u**2 - 11*u + 7. Determine t(-12).
-5
Let t(r) = -6*r + 4. Give t(-7).
46
Let s(y) = -y**3 + 9*y**2 - 4*y - 30. Determine s(8).
2
Let d(l) = -2*l**2 + l - 2. Determine d(1).
-3
Let t(i) = 7*i - 10. Give t(3).
11
Let t(g) = 3*g**2 - 40*g - 62. Give t(15).
13
Let r(h) = h**3 - 4*h**2 - 5*h + 6. What is r(4)?
-14
Let h(l) = -2*l + 1. What is h(-6)?
13
Let h(q) = q**3 - 7*q**2 + 6*q + 10. Determine h(4).
-14
Let m(y) = 9*y - 12. Determine m(5).
33
Let p(s) = s**3 - 3*s**2 + 3*s - 2. Give p(4).
26
Let w(f) = -48*f**2 - 8*f - 7. Calculate w(-1).
-47
Let r(o) = -12*o - 6. What is r(2)?
-30
Let i(l) = 2*l**3 - 14*l**2 - 2*l + 18. Calculate i(7).
4
Let h(g) = g**3 - 6*g**2 - 19*g + 20. Determine h(8).
-4
Let j(k) = 17*k - 7. Determine j(1).
10
Let z(m) = m**2 + 8. Give z(-2).
12
Let k(t) = -92*t**3 - t**2 + 3*t - 1. Calculate k(1).
-91
Let m(k) = k**3 - 3. What is m(3)?
24
Let f(i) = -2*i**2 - 7*i - 22. Determine f(-10).
-152
Let y(f) = 6*f + 62. Calculate y(-12).
-10
Let l(c) = -3*c + 4. What is l(12)?
-32
Let q(o) = 39*o - 380. Give q(10).
10
Let x(t) = 15*t + 3. Calculate x(1).
18
Let h(j) = -3*j**3 - 58*j**2 - 19*j + 6. What is h(-19)?
6
Let h(t) = 43*t - 558. Calculate h(13).
1
Let m(s) = 6*s + 1. What is m(-1)?
-5
Let d(n) = -16*n - 143. Calculate d(-8).
-15
Let l(v) = 2*v + 9. Give l(-6).
-3
Let p(u) = -2*u**2 + 23*u - 1. Give p(10).
29
Let s(m) = 24*m + 4. Determine s(-3).
-68
Let o(q) = q**2 - 4*q - 239. What is o(-14)?
13
Let v(o) = -o**2 + 16*o - 10. What is v(16)?
-10
Let h(z) = -2*z - 1. Calculate h(3).
-7
Let m(c) = -2*c**2 + 16*c + 18. Calculate m(9).
0
Let p(n) = n**2 - 16*n + 7. Determine p(11).
-48
Let f(z) = 2*z + 2. Determine f(-7).
-12
Let a(v) = v**2 + 10*v + 2. Determine a(-4).
-22
Let m(b) = -2*b**3 - 13*b**2 - 4*b + 10. Give m(-6).
-2
Let v(x) = x**3 - x**2 - 10*x + 8. Calculate v(4).
16
Let c(f) = -8*f + 65. Give c(8).
1
Let j(i) = -i**3 - 6*i**2 - 2*i + 5. Determine j(-6).
17
Let o(c) = -5*c - 11. Determine o(-1).
-6
Let q(i) = 4*i**2 + 6*i - 8. Determine q(-2).
-4
Let r(f) = f**3 + 9*f**2 - 40*f - 53. Calculate r(-12).
-5
Let n(b) = -b**2 + 6*b + 10. Calculate n(4).
18
Let t(i) = -2*i - 40. Determine t(-18).
-4
Let q(g) = g**3 - 16*g**2 + 13*g + 24. Calculate q(15).
-6
Let o(i) = -34*i + 107. What is o(4)?
-29
Let a(x) = -8*x**2 - 122*x - 32. Calculate a(-15).
-2
Let x(d) = d**2 + 7*d - 38. What is x(-6)?
-44
Let n(h) = h**2 + 4*h - 6. Calculate n(-6).
6
Let c(x) = -3*x**2 + 1. What is c(-2)?
-11
Let l(h) = -11*h - 71. Determine l(-6).
-5
Let t(y) = -y**2 + 12*y - 30. Determine t(3).
-3
Let w(d) = 6*d**2 + d - 15. What is w(0)?
-15
Let r(c) = -7*c - 19. Determine r(-6).
23
Let w(n) = -2*n**2 - 68*n - 542. Determine w(-21).
4
Let h(n) = 21*n. Give h(-1).
-21
Let n(p) = 4*p + 2. Calculate n(5).
22
Let c(t) = -2*t + 27. What is c(14)?
-1
Let f(u) = -34*u**3 + u**2 + 3*u + 3. What is f(-1)?
35
Let w(r) = -r**3 + 11*r**2 + 3*r - 26. Calculate w(11).
7
Let n(x) = x**3 + 7*x**2 - 15*x + 26. What is n(-9)?
-1
Let d(c) = -c - 5. Determine d(4).
-9
Let v(c) = -c**3 - 4*c**2 - 4*c - 8. What is v(-4)?
8
Let g(k) = k